Is 9939959 prime?
True
Is 941889731 a composite number?
False
Is 242455 prime?
False
Is 15531311 prime?
True
Is 8333033 composite?
False
Is 9477187 a composite number?
False
Is 276053363 a composite number?
True
Is 248182331 prime?
True
Is 1337993 a composite number?
True
Is 82809949 composite?
True
Is 119141 prime?
False
Is 76205851 composite?
False
Is 28790533 composite?
True
Is 1774319 prime?
False
Is 7594751 a composite number?
False
Is 1973893 prime?
True
Is 2465237 a composite number?
True
Is 11605787 a prime number?
True
Is 7506167 prime?
False
Is 133269847 a composite number?
False
Is 49673621 a prime number?
True
Is 953567 prime?
True
Is 9074237 a composite number?
True
Is 1637783 composite?
True
Is 100379579 a prime number?
True
Is 93920207 a prime number?
False
Is 113036257 composite?
True
Is 142108891 composite?
True
Is 1380289 a prime number?
True
Is 5374609 a composite number?
False
Is 1206259 composite?
False
Is 1632749 a composite number?
False
Is 60555587 composite?
False
Is 134117 prime?
False
Is 3608779 a prime number?
False
Is 67414297 a prime number?
True
Is 47219602 prime?
False
Is 9550913 composite?
False
Is 902542027 a composite number?
False
Is 66788171 a prime number?
True
Is 53132209 prime?
False
Is 21420169 a composite number?
False
Is 506616199 a composite number?
False
Is 45771487 a composite number?
True
Is 11160895 composite?
True
Is 146999 composite?
True
Is 140381 prime?
True
Is 743711 a composite number?
False
Is 11559671 a prime number?
False
Is 96449597 prime?
False
Is 3381451 composite?
False
Is 3905077 composite?
True
Is 5428099 prime?
True
Is 156957599 composite?
True
Is 45919661 composite?
True
Is 14904881 a prime number?
True
Is 11054149 a composite number?
True
Is 383741 composite?
True
Is 167371177 composite?
False
Is 20561753 a composite number?
False
Is 1362969559 a prime number?
False
Is 1076497 a prime number?
False
Is 40466726 prime?
False
Is 28910957 a prime number?
False
Is 9104339 composite?
True
Is 785371465 a composite number?
True
Is 10358999 a prime number?
False
Is 37500959 composite?
False
Is 9766303 a prime number?
True
Is 3910415 a prime number?
False
Is 42126673 a composite number?
False
Is 113557723 a prime number?
True
Is 1865009 composite?
True
Is 20180399 composite?
False
Is 54839849 prime?
True
Is 101505461 a composite number?
False
Is 1864826 composite?
True
Is 67257331 a prime number?
False
Is 644996777 a prime number?
True
Is 2280127 prime?
True
Is 45303257 a prime number?
True
Is 1834783 a prime number?
True
Is 9318273 composite?
True
Is 70573259 a composite number?
True
Is 16330723 a prime number?
True
Is 4681723 a composite number?
True
Is 183223583 a prime number?
True
Is 143343851 a composite number?
True
Is 48679489 a prime number?
True
Is 78208979 composite?
False
Is 1444237 prime?
True
Is 88073567 a prime number?
False
Is 3149434 composite?
True
Is 15802379 a prime number?
True
Is 430351 a prime number?
False
Is 87394235 composite?
True
Is 17238029 a prime number?
True
Is 31922327 a composite number?
False
Is 133153777 a composite number?
False
Is 40851143 a composite number?
False
Is 14132567 a composite number?
True
Is 1358197 prime?
True
Is 49453889 composite?
False
Is 65473417 composite?
False
Is 119464589 prime?
True
Is 27853827 a composite number?
True
Is 24411494 prime?
False
Is 35898535 prime?
False
Is 4476133 a prime number?
True
Is 65894233 a prime number?
True
Is 15039709 a prime number?
True
Is 154700279 a prime number?
False
Is 26439247 composite?
False
Is 1778369 a prime number?
False
Is 28564115 a prime number?
False
Is 34068737 prime?
True
Is 66894887 prime?
False
Is 592649 composite?
False
Is 365452291 composite?
False
Is 70607 a composite number?
False
Is 439378451 prime?
True
Is 29785171 prime?
False
Is 730223035 a composite number?
True
Is 136423717 composite?
False
Is 5026589 composite?
False
Is 37945103 prime?
False
Is 13708203 composite?
True
Is 11103749 composite?
False
Is 563584181 composite?
True
Is 15610603 composite?
False
Is 69341587 a composite number?
True
Is 17505671 a composite number?
False
Is 5548007 a composite number?
False
Is 546974639 composite?
False
Is 3099169 prime?
True
Is 204829301 a composite number?
False
Is 425461 composite?
True
Is 19392167 prime?
True
Is 959537 a prime number?
False
Is 1137659 a prime number?
True
Is 90353 a prime number?
True
Is 33299051 prime?
True
Is 58511987 a prime number?
False
Is 126727577 prime?
True
Is 12010577 prime?
False
Is 3090383 a prime number?
True
Is 1439521 a composite number?
False
Is 78883843 a prime number?
True
Is 1522697 prime?
False
Is 658862453 prime?
True
Is 425157133 a composite number?
False
Is 39185963 composite?
True
Is 758039 prime?
False
Is 10032041 a composite number?
False
Is 55455137 composite?
False
Is 2654521 a prime number?
False
Is 202957 prime?
False
Is 2783153 a prime number?
True
Is 2053291 prime?
True
Is 11307979 a composite number?
False
Is 1913007 a prime number?
False
Is 520355569 prime?
False
Is 97750951 composite?
False
Is 340521949 prime?
False
Is 1184507 prime?
True
Is 5720983 composite?
True
Is 665149 a composite number?
True
Is 4624747 a prime number?
True
Is 2360797 a prime number?
True
Is 271262843 a composite number?
False
Is 15605189 a composite number?
False
Is 10711501 composite?
False
Is 163514317 a composite number?
False
Is 289937 prime?
True
Is 4278797 a composite number?
True
Is 6594377 a composite number?
False
Is 9071633 a composite number?
False
Is 5090003 a composite number?
False
Is 76970087 a composite number?
False
Is 3582902 prime?
False
Is 412055447 composite?
False
Is 6838262 a composite number?
True
Is 648558733 composite?
False
Is 24649447 prime?
True
Is 222839057 a prime number?
False
Is 29961961 a prime number?
True
Is 25430813 prime?
True
Is 12033907 composite?
False
Is 21794827 a composite number?
False
Is 47303999 a composite number?
True
Is 29429063 composite?
True
Is 250235267 a composite number?
True
Is 33847349 a composite number?
False
Is 100558057 a prime number?
False
Is 13848859 prime?
True
Is 12520801 composite?
True
Is 57603281 a prime number?
True
Is 12708541 composite?
True
Is 6924401 prime?
False
Is 1050031 composite?
False
Is 55721507 composite?
True
Is 275263 prime?
True
Is 3798139 a prime number?
False
Is 10395613 composite?
False
Is 233871481 a composite number?
False
Is 65407106 a prime number?
False
Is 62732599 a composite number?
False
Is 1332553 a prime number?
True
Is 99185617 prime?
True
Is 382457 composite?
False
Is 144867007 a composite number?
True
Is 101137423 a prime number?
True
Is 7589441 prime?
False
Is 5350831 composite?
False
Is 22915117 prime?
True
Is 328667 prime?
True
Is 47103739 prime?
False
Is 5947517 composite?
True
Is 1525661 prime?
False
Is 82701607 a composite number?
False
Is 253739 prime?
False
Is 98136901 composite?
True
Is 1275889 prime?
True
Is 61953231 a prime number?
False
Is 1154019 prime?
False
Is 149391071 composite?
True
Is 2080801 a composite number?
False
Is 109265251 a prime number?
True
Is 204499 a composite number?
True
Is 18609586 composite?
True
Is 4166207 prime?
False
Is 175391 composite?
False
Is 1086089 a prime number?
True
Is 29549543 a prime number?
True
Is 1786309409 composite?
False
Is 5736047 prime?
False
Is 218107691 a prime number?
True
Is 22549 a composite number?
False
Is 4144391 a prime number?
False
Is 27817627 a composite number?
True
Is 22600993 composite?
True
Is 25555483 a prime number?
True
Is 127651151 composite?
False
Is 563501 composite?
False
Is 7375009 a composite number?
False
Is 19721371 prime?
True
Is 3869729 prime?
True
Is 28534133 a prime number?
True
Is 8679271 composite?
False
Is 2307463 a composite number?
True
Is 12196001 a prime number?
True
Is 2113393 a prime number?
True
Is 198683113 composite?
False
Is 733627 composite?
True
Is 42279907 composite?
False
Is 5699557 a composite number?
False
Is 11011921 a composite number?
False
Is 2877283 composite?
False
Is 3635287 a prime number?
False
Is 744451 a composite number?
False
Is 4488791 a composite number?
False
Is 461203 composite?
True
Is 21151885 a prime number?
False
Is 80685463 a prime number?
True
Is 13545061 composite?
False
Is 30785255 prime?
False
Is 403946 composite?
T